ose 0 = s*i - 56 + 4. Calculate the remainder when i is divided by 4.
1
Let z(f) = -f + 11. Calculate the remainder when 5 is divided by z(7).
1
Suppose -r + 3*a + 18 = -0*a, -5*r + 2*a + 90 = 0. Calculate the remainder when 70 is divided by r.
16
Suppose 18*o = -o + 2983. What is the remainder when o is divided by 23?
19
Suppose -3 + 9 = 2*j. Suppose -4*u + 8 = -0. Calculate the remainder when j is divided by u.
1
Suppose -5*l + t + 6 = -0*l, -4*l + 1 = 3*t. Let m be (l - 0) + -11 + 3. Let s = 15 + m. Calculate the remainder when 23 is divided by s.
7
Suppose -3*w - 12 = 0, 4*v - v + w - 2 = 0. Suppose -g = -v, -5*o = 4*g - 53 + 5. Let y(q) = q**2 + 2*q - 3. Calculate the remainder when o is divided by y(-4).
3
Suppose i = -n - 0*i + 24, 3*i = 2*n - 73. What is the remainder when 53 is divided by n?
24
Let k = -21 - -64. Calculate the remainder when k is divided by 22.
21
Suppose 0 = -4*h - f + 140, -2*h - 3 = -4*f - 73. Calculate the remainder when 313 is divided by h.
33
What is the remainder when (-7 - (-19)/2)*(24 + 0) is divided by 9?
6
Suppose m - 64 = -3*m. Suppose -32 = 3*r + 34. Calculate the remainder when 4/r + 1038/22 is divided by m.
15
Suppose g = 95 - 66. Calculate the remainder when 114 is divided by g.
27
Suppose 0 = 4*d + 5*o + 77, 5*o = 2*d - 0*o + 1. Let s = d + 21. What is the remainder when 14 is divided by s?
6
What is the remainder when (-10)/35 + (-1278)/(-14) is divided by 31?
29
Let u = -75 + 87. Let l = 66 - 44. Calculate the remainder when l is divided by u.
10
Let o(g) = g**2 - 6*g + 7. Let y be o(5). Suppose -s + l = -24 - 20, -84 = -y*s + l. Suppose 5*d + 0*d - s = 0. What is the remainder when 13 is divided by d?
5
Let k = 2 - -1. Let w(u) = -u**3 + 2*u**2 + 3*u + 1. Calculate the remainder when w(k) is divided by (-1)/4 + (-30)/(-24).
0
Let r(x) = x**2 - 3*x + 4. Let j be r(3). Suppose -3*q + 0*y + 65 = y, -4*q - j*y + 100 = 0. What is the remainder when q is divided by 7?
6
Suppose 0 = -4*b + 5*n - 50, 2*n = 2 + 2. Let d = 23 + b. Suppose 0 = g - 5*g + 152. What is the remainder when g is divided by d?
12
Let p be (-2)/(-5)*5/1. Suppose u + p*u = 48. What is the remainder when u is divided by (6/4)/(3/18)?
7
Let n(l) = -l**3 + 4*l**2 + 6*l - 1. Let q be n(5). Suppose -q*k - k = -10. Suppose -k*a + 21 = a. What is the remainder when a is divided by 4?
3
Suppose 0*x - 4 = -x. What is the remainder when 13 is divided by x?
1
Let r = 19 + 0. Suppose 4*u - r - 73 = 0. Calculate the remainder when u is divided by 8.
7
What is the remainder when 10 + -15 + 11*7 is divided by 25?
22
Let n = 0 + 6. Calculate the remainder when 17 is divided by (3 + n)/((-3)/(-2)).
5
Suppose 4 = -l + 13. Let v(p) = -2*p - 7. Let c(u) = -5*u - 20. Let f(q) = -6*c(q) + 17*v(q). Calculate the remainder when f(-4) is divided by l.
8
Suppose 2*j = -m + 6*j + 7, -11 = -2*m + 5*j. Suppose 2*y - 2*q = 20, -3*y + 33 = y + m*q. What is the remainder when y is divided by 4?
1
Let z be (10/(-4))/((-1)/2). Suppose 5*u + 67 = 4*a, 120 = z*a + u - 0*u. What is the remainder when a is divided by 8?
7
Let b(g) = -g**3 + 11*g**2 + 4*g + 5. Let r be b(11). Let o = r - 34. Let f = -47 - -76. What is the remainder when f is divided by o?
14
Suppose 0*y + 24 = y. What is the remainder when y is divided by 13?
11
Suppose 5*a = -14 + 39. Suppose -67 = -a*f - 22. Calculate the remainder when ((-6)/3)/((-2)/25) is divided by f.
7
Suppose 2*h = 5*k - 14, 18 + 11 = 5*k + 3*h. Suppose k*l + 4*t - 10 = 18, t + 33 = 4*l. Let y = -2 + l. Calculate the remainder when 10 is divided by y.
4
Let h(d) = -7*d + 2. Calculate the remainder when h(-3) is divided by 13.
10
Let q(m) = 29*m - 5. Calculate the remainder when q(2) is divided by 16.
5
Let h = 4 - -25. Calculate the remainder when h is divided by 2/(-3) + 64/6.
9
Suppose t - 3*s + 241 = 5*t, -4*t = s - 243. Calculate the remainder when t is divided by 32.
29
Let x = 67 + -19. Suppose 8 + 17 = k. What is the remainder when x is divided by k?
23
Let b = 7 - -6. Let s be (-2)/4*(-5 + 11). Calculate the remainder when b is divided by 8 - (-3 + 6 + s).
5
Let p(z) = -13*z. Suppose m - 5*m = -8. Let o = 5 + m. What is the remainder when p(-1) is divided by o?
6
Let j = 8 + -5. Suppose -j = -0*q - q. What is the remainder when 5 is divided by q?
2
Suppose -2*f = f - 15. Let v = 4 + -2. Calculate the remainder when f is divided by v.
1
Let z(r) = r**3 + 5*r**2 + 4. Let x be z(-5). Suppose x*v = 120 - 12. What is the remainder when v is divided by 14?
13
Suppose -3*c = -5*t + 1779, -5*c + 4*t - 1184 = -3*c. Let r be c/18 - 6/(-27). Calculate the remainder when 32 is divided by (1/(-3))/(1/r).
10
Suppose -4*n - 58 = -150. Calculate the remainder when n is divided by 9.
5
Let p(l) be the second derivative of l**4/12 + l**2 - 2*l. Let n be (-1)/(-3 - 16/(-6)). Calculate the remainder when 21 is divided by p(n).
10
Let y = 28 - 10. Calculate the remainder when 89 is divided by y.
17
What is the remainder when 20 is divided by (3 - 3)/4 + 11?
9
Calculate the remainder when 9 is divided by (-34)/(-14) + 12/21.
0
Suppose -5*i + 50 = -25. Calculate the remainder when 43 is divided by i.
13
Let x(k) = k**3 - 10*k**2 - 22*k - 5. What is the remainder when 75 is divided by x(12)?
18
Let l = 26 - 12. Calculate the remainder when ((-28)/(-77))/2 - (-1162)/22 is divided by l.
11
Let p(r) = -22*r - 6. Calculate the remainder when p(-3) is divided by 13.
8
Let s = -25 + 52. What is the remainder when s is divided by 10?
7
Suppose -4*r + 28 = -84. What is the remainder when r is divided by 10?
8
What is the remainder when 0 + 29 - (2 - 5) is divided by 11?
10
Let f = -53 + 84. What is the remainder when f is divided by 17?
14
Let r = 35 - 25. Let o = 6 + 1. Calculate the remainder when 86/7 - r/35 is divided by o.
5
Let k(y) = -y**3 + 5*y**2 - 5*y + 4. Let q be k(4). Suppose -3*x + 12 = q, 4*u = 2*u + x + 26. Calculate the remainder when 44 is divided by u.
14
Suppose 0 = w + 3*x - 6, -2*x = 2*w - x - 12. What is the remainder when 15 is divided by w?
3
Let l(x) = x**2 + 6*x - 2. Let z(v) = 5*v**3 - v**2 - 4*v**3 - 2*v**3 - 4. Calculate the remainder when l(5) is divided by z(-3).
11
Suppose 3*h = b + b + 38, 3*h = -b + 53. Suppose 0*m = 2*m - 3*l - 57, -l - 89 = -3*m. What is the remainder when m is divided by h?
14
Let f = -15 + 5. Let v = 27 + f. What is the remainder when v is divided by 6?
5
Let a(z) = 18*z**2 - z - 7. Calculate the remainder when a(-3) is divided by 40.
38
Let t be ((-147)/28)/(2/(-8)). Let r = t + -4. Suppose -3*i - 2*z = -19, 3*z + 2 = r. Calculate the remainder when 7 is divided by i.
1
What is the remainder when 16 is divided by (2/6)/((-1)/(2 + -20))?
4
Suppose -3*y + 8 = -y, 3*y + 133 = 5*d. Let n = d - -1. Calculate the remainder when (-12)/n + 67/5 is divided by 7.
6
Let s = 7 + -4. Suppose 77 + 62 = 5*x + s*t, 3*x = 5*t + 63. What is the remainder when x is divided by 9?
8
Suppose -4*h - 207 = u - 934, -3*h + 5*u + 551 = 0. Calculate the remainder when h is divided by 46.
44
Let n(s) = 2*s - 6*s + 14 + 0*s + 5*s. Calculate the remainder when n(18) is divided by 11.
10
Suppose -12 = j - 4*j. Calculate the remainder when 13 is divided by j.
1
Let m(u) be the third derivative of u**4/12 + u**3/6 + 3*u**2. Let c be m(2). Let w = c - 4. Calculate the remainder when w is divided by 1.
0
Let n(q) = 6*q**3 + 10*q**2 - 3*q - 1. Let p(b) = 5*b**3 + 9*b**2 - 2*b - 2. Let y(w) = 4*n(w) - 5*p(w). Calculate the remainder when y(-6) is divided by 28.
26
Let g(k) = k**3 + 7*k**2 + 3*k + 10. Let j be g(-7). Let d be (1*-4)/2 - j. Suppose -2*l + d + 13 = 0. What is the remainder when 32 is divided by l?
10
Let u = -7 - -7. Suppose u = -0*i + 3*i - 9. Calculate the remainder when 14 is divided by i*2/(-3) - -7.
4
Let j(z) = 2*z**2 + 4*z - 4. Calculate the remainder when 23 is divided by j(-3).
1
Let s = 58 - 33. What is the remainder when s is divided by 7?
4
Suppose 4*b = 3*n + 17, -b - 2*n = -3*n - 5. Suppose -c = -3*z + 5, c = b*z + 5*c - 22. What is the remainder when 11 is divided by z?
2
Let r(f) = -2*f - 4. Let a be r(-13). Suppose a = 4*l - m, 5*m - 15 = -5*l - 0*m. What is the remainder when 8 is divided by l?
3
Suppose -147 = -4*w + m, -5*m - 143 = -w - 3*w. What is the remainder when 72 is divided by w?
35
Let i(